w - 4*w. Let s be 20 - -1*4/2. What is the greatest common divisor of w and s?
22
Suppose -2*c + 4*c = 3*o + 381, -7*c = 3*o - 1293. Suppose 5*x + 2*y = c, 4*x - 2*y = -y + 154. What is the highest common divisor of x and 171?
19
Let d(p) = 16*p - 3. Suppose 3*q + 4*q - 21 = 0. Let b be d(q). Suppose 10*f - 7*f + 42 = 3*v, 84 = 4*v + 3*f. Calculate the greatest common divisor of b and v.
9
Let b(j) = j**2 + 15*j**2 - 14*j + 16*j - 2*j**2 - j**3. Let n be b(14). Suppose 2*d - n = -2*d. What is the greatest common factor of 77 and d?
7
Let l = 281 - 197. Suppose -129*g - 453*g - 223398 = -3597*g - 2304*g. What is the greatest common divisor of l and g?
42
Let x(o) = -2*o**2 - 65*o + 197. Let w be x(-34). Calculate the highest common divisor of w and 760.
95
Suppose -5 = -5*p, -3*m - 3*p + 115 = m. Suppose 4*q - 4*v - 360 = 0, 4*q + 3586*v - 3587*v - 384 = 0. Calculate the highest common divisor of m and q.
14
Let j = -473 + 479. Suppose -3*m + j = 2*k + m, -k + 2*m = -23. Calculate the greatest common divisor of 221 and k.
13
Suppose 5*z = -4*s + 1455, 7*z = 8*z - 2*s - 291. Let t = 555 - z. Calculate the highest common factor of 44 and t.
44
Let r be 124/(-4) - (3 + -6)/1. Let u be (-245)/r + 6/(-8). Calculate the greatest common divisor of 40 and u.
8
Let s = -35 - -324. Suppose -3*t + 212 = b, -5*b - 21 + s = 4*t. What is the highest common factor of 8 and t?
8
Let h = 464 - 314. Let p be -10*(-15)/(h/44). What is the highest common divisor of p and 8?
4
Let p = -5714 - -5716. Let n(t) = -t + 3. Let u be n(0). Calculate the highest common divisor of u and p.
1
Suppose 4*z - 4*k - 72 = 0, -13 = -4*z - 2*k + 59. Suppose 3*o = 23*o + 545 - 585. Calculate the greatest common divisor of z and o.
2
Suppose 4*o = 10*o - 0*o. Suppose o*v + 13 = 13*v. Calculate the greatest common divisor of 19 and v.
1
Let b be 149556/(-968)*(-28)/3. What is the greatest common factor of 1854 and b?
206
Suppose 0 = -6*m - 198 + 618. Suppose -79*p + 27 = -m*p. What is the highest common factor of 75 and p?
3
Suppose 19 = 2*z - 45. Suppose n - 2*l - 1 = -2*n, 4*n = -5*l + 32. Let a be (80/(-30) + n + 0)*12. Calculate the greatest common factor of z and a.
4
Let n(c) = 31*c - 587. Let h be n(20). Calculate the greatest common factor of 132 and h.
33
Suppose 0 = 2*p + 82 + 134. Let x = 30 - p. Suppose 5*j - 169 = 2*u, -4*j + x = -6*u + 3*u. Calculate the highest common factor of 22 and j.
11
Suppose 0 = 114*v - 61*v - 78*v + 150. Suppose -2*l - 75 = -3*l. What is the highest common divisor of l and v?
3
Let s = 9628 - 9582. Suppose 5*w = 45 + 2945. What is the highest common factor of s and w?
46
Suppose 3*k = 4*m - 2*k + 166, 5*m + k + 222 = 0. Let t = m + 40. Let h be (3/30)/(t/(-30))*4. What is the greatest common divisor of 6 and h?
3
Suppose 5*l - 92 = -4*a, 3*l - a - 58 = -2*a. Let b(x) = -3 + 1 + l*x - 1. Let d be b(4). Calculate the highest common factor of 11 and d.
11
Let k = -202 + 520. What is the highest common divisor of k and 1537?
53
Let t(b) = -269*b - 1118. Let d be t(-7). What is the greatest common factor of 45 and d?
45
Let c be (-5 + 9)/4 + -4. Let f be (-9)/(27/(-6) - c). What is the highest common factor of f and 42?
6
Suppose 0 = d - 7 + 1. Let j be 18/20*600/144*4. Suppose -j*c + 126 = 36. Calculate the greatest common factor of d and c.
6
Suppose -16*d + 28*d - 5832 = 0. Let l = d + -413. Calculate the highest common divisor of l and 146.
73
Let t = 4291 + 12157. Calculate the greatest common divisor of 64 and t.
64
Suppose 0 = -3*t + 2*t - 2*m + 25, 0 = 3*t + m - 85. Suppose 42*p - 2*w = 40*p + 620, 2*p = 3*w + 611. Calculate the greatest common factor of t and p.
29
Let w = -136 - -136. Suppose 4*u - 168 = -5*v - 18, -u - 5*v + 30 = w. Calculate the highest common factor of u and 32.
8
Suppose 0 = -11*y + 163 + 365. Suppose -2*j = -10, 0 = 2*t + j - 1 - 36. What is the highest common divisor of t and y?
16
Let a(z) be the first derivative of -3*z**4/2 - 2*z**3 - 9*z**2/2 - 9*z + 100. Let r be a(-2). What is the greatest common factor of 187 and r?
11
Let l(v) = -v**3 - 15*v**2 - 14*v + 24. Let s be l(-14). Let u = s + 39. Let t = -54 + u. What is the greatest common factor of 63 and t?
9
Suppose 1 = -4*b + 49. Suppose -4*v + 96 = 4*w, 2*w - 5*v = -0*v + 6. Calculate the greatest common factor of b and w.
6
Suppose 0 = 2*l - 5*a - a + 8, 4*a = 0. Let k be 5 - 3*2*l/6. Calculate the greatest common factor of 117 and k.
9
Suppose t = 0, 4*t - 185 = 5*m - 10*m. Calculate the greatest common divisor of m and 3737.
37
Let y(v) = 2*v**2 + 7*v - 9. Let m be y(-6). What is the greatest common factor of m and 98?
7
Suppose -12*w + 7*w - 3285 = 0. Let n = w - -961. Suppose 0 = -3*s - 2*s - 3*l + 187, 0 = 3*l + 3. What is the highest common factor of s and n?
38
Let t = 0 - -2. Let c be 665/140 + (-207)/(-12). Calculate the highest common divisor of c and t.
2
Suppose 3*o - 11 + 1 = -2*h, 5*h + 4*o - 18 = 0. Suppose -h*x + 1582 = 2*k, 4*x + 0*k - 3174 = k. What is the greatest common divisor of 13 and x?
13
Let k be (-57)/(2 + -2*31/28). Suppose 0 = -6*t + 507 - 339. What is the greatest common factor of k and t?
14
Suppose 3*u + 3*f - 6 = 3, 2*u - 3*f + 4 = 0. Let v be (u - 1)*-1 + 216/3. Calculate the greatest common divisor of v and 24.
24
Suppose -9*a = -7 - 83. Suppose a*b - 4870 = -460. What is the highest common divisor of 49 and b?
49
Suppose 3*d - z + 400 = 0, 5*d - 2*z - z + 668 = 0. Let x = d - -135. What is the greatest common divisor of x and 10?
2
Let c(t) = t**3 + 6*t**2 + 2*t - 12. Let h be c(-5). Suppose 20*w - 6*w = 574. Suppose h*y - w = -20. Calculate the highest common factor of 7 and y.
7
Let c be ((-225)/(-20) + -1)*(3 + 1). Suppose 2*k = -3*h + 9 - 14, 0 = -2*h - k - 2. What is the greatest common divisor of h and c?
1
Let p(n) = -109*n - 2. Let r be p(-2). Let o be (9 - 270/20)*-6. Calculate the highest common factor of r and o.
27
Let g = -5 + 0. Let s be -3*((-48)/g)/((-24)/80). What is the greatest common divisor of s and 12?
12
Let c = -3 + 33. Let v(j) = 5*j + 3. Let h(n) = -6*n - 1. Let d(l) = -2*h(l) - 3*v(l). Let w be d(-4). What is the highest common divisor of c and w?
5
Let j = 2161 - 177. What is the greatest common factor of j and 186?
62
Suppose 5*r + 41 = z, -5*z + 4*r + 50 + 50 = 0. Let q be z/24 + (-52)/(-3). What is the highest common factor of 234 and q?
18
Let s(a) = -2*a**2 + 146*a - 1107. Let y be s(59). Calculate the highest common factor of 763 and y.
109
Let m = 32958 + -32772. Calculate the highest common divisor of 1767 and m.
93
Suppose -420*c + 9440 = 52*c. Let l(f) = -f**3 + 8*f**2 - 4*f - 8. Let i be l(6). What is the greatest common divisor of i and c?
20
Let i(l) = l**3 + 115*l**2 - 227*l + 895. Let d be i(-117). What is the highest common factor of d and 15466?
38
Let d(x) = -x**3 + 5*x**2 + 20*x - 63. Let s be 96/72 - (-28)/6. Let h be d(s). What is the greatest common factor of h and 112?
7
Suppose 0 = -73*r + 25232 - 7201. What is the greatest common factor of 208 and r?
13
Suppose -2*h + 89138 = -5*j + 11*j, -2*j - 4*h = -29686. Calculate the greatest common factor of j and 9.
9
Let h = 20 - 25. Let t be 1776/30 - (9/h + 1). What is the greatest common divisor of t and 40?
20
Let m = -240 + 148. Let t be (-3)/((-364)/m + -4). Suppose 44 + t = j - 4*q, -5*j = 5*q - 640. Calculate the greatest common divisor of 50 and j.
25
Let z(r) = 12*r. Let n be z(1). Let f = 30 + -18. What is the highest common divisor of n and f?
12
Let u(s) = s**3 + 22*s**2 - 51*s - 98. Let m be u(-23). Calculate the greatest common divisor of m and 624.
78
Let r(s) = 32*s**3 + 318*s**2 + 20*s + 60. Let c be r(-9). What is the highest common divisor of c and 21?
21
Let a = -13485 - -15150. What is the highest common factor of 30 and a?
15
Suppose -3*a + 41640 = -j + 10886, -5*j + 10 = 0. Calculate the highest common factor of a and 44.
44
Let n(z) = -z**3 + 12*z**2 + 9*z. Let f be n(7). Suppose 146*k + 560 = 166*k. What is the greatest common divisor of k and f?
28
Let x = -20 - -26. Suppose x = -i - 5*b, i + 3*b - 18 = 6*b. Suppose 4*z + 3*p = -0*p + 21, -i = -2*z - 3*p. What is the highest common factor of 3 and z?
3
Let z be (-22400)/(-6720)*(-24)/(-2). Let i(f) = f**2 + 5*f - 4. Let j be i(4). What is the greate